) = -112*y - 7. Let q be j(-9). Suppose 5*n - 2519 = -4*r, -2*n = -6*r + r - q. Is n prime?
True
Let k = -193 - -279. Suppose 0 = -5*d + 3*d + k. Is d a prime number?
True
Let k(h) = 119*h - 22. Is k(9) prime?
True
Let t be 2/(-2)*(-20)/5. Suppose 111 = 3*w + 2*m, -8*m - 148 = -t*w - 3*m. Is w prime?
True
Let t be ((-6)/7)/((-2)/112). Let a = t + 79. Is a a prime number?
True
Suppose 0 = 5*p - p - 576. Suppose -2*s + 76 = -0*s - j, 2*j - p = -4*s. Is s a composite number?
False
Let o(a) = -5*a**3 - 12*a**2 - 12*a + 8. Is o(-7) a composite number?
True
Let d(k) = -28*k - 1. Let m be -1*(0 - 4/(-2)). Let c be d(m). Suppose 3*y - c = 47. Is y prime?
False
Let y(d) = d**2 + d + 7. Is y(-10) composite?
False
Let m be (-103)/7 - (-4)/(-14). Let c(o) = -2*o + 1. Let p be c(5). Let x = p - m. Is x a prime number?
False
Let q = -8 + 0. Let n be 9/(-12) + 10/q. Let m(w) = 13*w**2 - 2*w - 1. Is m(n) a composite number?
True
Let d(n) = -6*n - 39. Is d(-15) composite?
True
Let w = -13 - -7. Is 2 - -35 - w/(-3) a prime number?
False
Suppose 4*j - 2*c - 248 = 0, -3*j + 183 = 3*c - 3. Suppose l = 2 + 3. Let v = l + j. Is v a composite number?
False
Let y = -122 - -264. Let o = 207 - y. Is o a composite number?
True
Let m = 5308 + -2729. Is m a composite number?
False
Suppose -3*s + 8*s = 4*a - 452, -3*s + 5*a - 266 = 0. Let v be (s/(-12))/(2/30). Suppose i + 68 = 2*t, 3*t + 2*i = -3*i + v. Is t prime?
False
Let l be 6/(-1)*(-20 + -1). Is 66/4*l/27 composite?
True
Let i(d) = 6*d**2 - 3*d - 4. Is i(5) composite?
False
Let q(r) = r**2 - 8*r - 10. Is q(-9) composite?
True
Let w(c) = -c**3 + 9*c**2 - 1. Let a(m) be the second derivative of m**5/20 + m**4/3 - 5*m**3/6 + 2*m**2 - 2*m. Let s be a(-5). Is w(s) composite?
False
Let d = 33 + -34. Let a(x) = -95*x**3 - 13*x**2 - 4*x - 11. Let i(l) = -48*l**3 - 6*l**2 - 2*l - 5. Let u(t) = -4*a(t) + 9*i(t). Is u(d) prime?
False
Suppose -6*n = -n - 40. Let h = n + -5. Suppose -u + 4*a - 82 = -h*u, -3*u - 2*a + 111 = 0. Is u a prime number?
False
Suppose -9*h + 186 = -3*h. Is h a prime number?
True
Let v = 9 - 7. Suppose 0 = v*y - 8, -2*j - y + 3*y - 2 = 0. Let t(r) = 42*r + 1. Is t(j) a prime number?
True
Let w(t) = -4*t**3 + 2*t**2 + 5. Let n(y) = -9*y**3 + 4*y**2 + y + 11. Suppose 2 = d - 0. Let q(j) = d*n(j) - 5*w(j). Is q(2) composite?
True
Suppose 16*q + 1058 = 18*q. Is q prime?
False
Suppose -3*a = -2*r - 186, 6*a - 3*a + 93 = -r. Let k = r + 232. Is k a composite number?
False
Suppose 3*s = 1101 + 42. Is s a prime number?
False
Suppose y - 1 = 2. Suppose -2*s + y + 254 = -5*l, s = 3*l + 128. Is s a composite number?
False
Let h = -3 + 5. Let j = h - 2. Suppose 4*q + j*g = 2*g + 160, -5*q + g = -194. Is q a prime number?
False
Let w = -8 - -4. Is (-723)/(-2) - w/8 prime?
False
Suppose 6*l = -3*l + 3735. Is l a composite number?
True
Suppose -199 = -o - 2*w + 262, 0 = -5*o + 3*w + 2266. Let v = o - 220. Is v a prime number?
False
Suppose 904 = 2*t - 2*p - 264, -4*t = -3*p - 2333. Is t a composite number?
True
Let d be 4/(-3) - 56/(-42). Suppose d*j + 2*j = 178. Is j composite?
False
Let p(t) = 3*t**2 + 2*t**2 + 0 - 4 - 4*t**2. Let d be p(3). Suppose d*r = 2*l + 1307, -267 = -r + l - 2*l. Is r prime?
True
Let d(j) = -5*j**2 + j + 1. Let h be d(-1). Let y = h - -10. Suppose 316 = -k + y*k. Is k composite?
False
Let s(p) = -2*p**3 - 11*p**2 + 10*p + 4. Let b be s(-10). Suppose 0 = -2*y + 242 + b. Suppose 0 = 5*z - 292 - y. Is z a composite number?
False
Let x be (-1)/4 - (-17)/4. Suppose 5*z = 2*c + 223, 3*c = -x*z - 99 - 247. Is c/(-4)*20/6 composite?
True
Is ((-61)/(-2))/(5/130) composite?
True
Let p = 8 + -5. Let o be p/4 + (-26)/(-8). Let a = o + -1. Is a a prime number?
True
Let d(i) = i**3 + 4*i**2 - 2*i - 4. Suppose -10 = 5*k, -k = -r + k. Let m be d(r). Suppose m*c - 435 = c. Is c a composite number?
True
Suppose -6*h + 3*h = -11847. Is h a composite number?
True
Let w(t) be the third derivative of -167*t**4/24 - t**3/2 - t**2. Is w(-2) a prime number?
True
Let p = 14 - 10. Suppose -p*o - 777 = -7*o. Is o composite?
True
Let i(g) = -11*g + 1. Let m = 5 + -4. Let v be i(m). Let k(z) = -z**2 - 18*z + 5. Is k(v) a composite number?
True
Suppose 5*p - 25 = 5. Let b = -7 + p. Let w(j) = 38*j**2 - j - 1. Is w(b) prime?
False
Suppose -3*u - 2*u + 50 = -5*q, 0 = q + 5. Suppose 0*x - 395 = -u*x. Is x a prime number?
True
Let m(q) = q**3 + q**2 - q + 3. Let j be m(0). Suppose j*f + 332 = 5*d - 402, 4*f + 12 = 0. Is d composite?
True
Suppose 1987 = 6*g - 707. Is g composite?
False
Suppose -3*y = 4*o - 9, -4*o - 19 + 58 = -3*y. Suppose -2*x + o = -0*x. Let w(h) = 12*h - 3. Is w(x) composite?
True
Let f = 12 + -19. Let k(w) = 5*w**2 - 2*w - 8. Is k(f) a composite number?
False
Is -3*(-2 - -736)/(-2) a prime number?
False
Let o = 1421 - 2221. Let i = -315 - o. Is i a composite number?
True
Let d be 1 - 1/(-2)*-2. Suppose d = -5*u + 470 + 705. Is u a composite number?
True
Let z be (-4)/6*(-6)/(-4). Suppose -2*c - 43 = -h, 0 = -3*h - 5*c + 17 + 90. Is h + 0/(2 - z) prime?
False
Let r(v) = -8*v - 4. Let j be r(-4). Is -3 - (-2*j + -2) a composite number?
True
Let a be ((-6)/(-15))/(1/(-15)). Let i(g) = -g**2 - 13*g + 4. Let b be i(a). Let m = b - 9. Is m a prime number?
True
Let g = 246 + -125. Let f = g - -324. Is f a prime number?
False
Suppose 1027 + 868 = 5*x + 5*o, x - 3*o = 391. Is x a prime number?
False
Suppose -3*r - s = -0*s - 8, 2*r + s - 4 = 0. Suppose 0*u = -r*u + 20. Let f(d) = d + 1. Is f(u) a composite number?
True
Let d be ((-6)/(-9))/(2/12). Let c = 1 + d. Suppose -2 - 1 = k + c*l, 4*l = -8. Is k composite?
False
Let x be (-4)/14 - (-116)/14. Let t = -6 + x. Is t prime?
True
Let d be 12/9 + (-2)/6. Let g(c) = 5*c**2 + 0*c**2 + c**2 - 2*c**2 + 4*c**3 + d. Is g(3) composite?
True
Let g = 8 - 16. Let y(d) = d**2 + 7*d + 6. Is y(g) composite?
True
Let n be (1185/(-12))/(1/(-4)). Let y be (4/10)/(2 + 29/(-15)). Suppose n = -u + y*u. Is u a prime number?
True
Suppose -1661 = -5*z - 396. Is z composite?
True
Let b(w) = -6*w + 1. Let r be b(2). Let l be 2/r - 35/(-11). Suppose 5*u = t - 98, -2*t + 0*t = l*u - 157. Is t a composite number?
False
Suppose q - 32 = j, q = -j + 5*j + 17. Is q a composite number?
False
Suppose -27 = b + 11. Let y = 144 + -69. Let j = y + b. Is j composite?
False
Let w = 2 + -8. Let g = -8 - w. Is (-3 - g) + (0 - -50) composite?
True
Let x be 12/(-2 + -2) + 8. Suppose 5*f - 245 = -5*m, -3*f = x*m - 0*f - 253. Is m prime?
True
Let w(b) = -4*b**3 + b + 4. Is w(-2) composite?
True
Suppose -3 = f - 2*f. Suppose g = f*g - 632. Suppose 4*q + 104 = g. Is q prime?
True
Suppose -11*u = -12*u + 886. Is u a composite number?
True
Let o(h) = h - 11. Let x be o(13). Suppose x*z = -3*z - 4*u + 967, -3*z - 5*u = -588. Is z composite?
False
Let z(g) = g**3 - g**2 - 5*g + 4. Suppose 3*b = -0*s + s - 6, -2*b + 5*s = 17. Let r be -1 - (-4)/(b + 2). Is z(r) composite?
False
Let m be 5/(-15) - (-2146)/(-6). Let p = 573 + m. Is p a composite number?
True
Let t be (-1)/(-2)*(-8)/(-1). Suppose 165 = 3*l + 2*l. Suppose l = -v + t*v. Is v a prime number?
True
Let s(q) = 46*q**2 - 4*q + 7. Is s(3) a composite number?
False
Let y(w) = w**3 + 13*w**2 - 13*w + 14. Let s be y(-14). Suppose 2*b - 4*m = 5*b - 471, 5*b + m - 802 = s. Is b prime?
False
Let a(w) = w**3 + 6*w**2 + 5*w - 3. Let q be a(-5). Let c = 8 + q. Suppose 4*v + 2*x = 5*v - 153, 2*x + 773 = c*v. Is v a composite number?
True
Suppose -2*d + 2 = f, 2*f - 2*d + 18 = -f. Is (-2325)/f - 6/24 composite?
True
Let j be (-4)/(-18) - (-79)/9. Let i(o) = o**3 - 4*o**2 - 11*o - 5. Is i(j) a composite number?
True
Suppose -5791 = -x - 692. Is x a prime number?
True
Let i be ((-1)/3 - -1)*438. Let s = i + -81. Is s a composite number?
False
Suppose 0 = -0*l - l + 160. Is (-9)/21 - l/(-14) a composite number?
False
Suppose 3 = 2*m - a, 15 = -3*m - 0*m - 5*a. Let v = 2 + m. Let s = v + 35. Is s composite?
False
Suppose 2*d = d + 6. Let w = 10 - d. Suppose -w*s = -52 - 224. Is s prime?
False
Suppose -5*d = -0*o - 5*o - 25, -4 = -4*o - 4*d. Let n = o + 0. Let r(g) = -39*g - 1. Is r(n) composite?
True
Let s(j) = -7*j - 2. Suppose 2*b - 7 + 3 = 0. Let l be s(b). Is 0 - l - 2/1 a prime number?
False
Let f = -9 + -2. Let u be (2 + -30)*-1*f. Is (-2)/(-10) - u/10 a prime num